6522. What is the units digit of s?
5
Let i(c) = -c**2 - 15*c + 19. Let s be i(-16). Let y(w) = 10*w**2 + 4*w - 4. What is the tens digit of y(s)?
9
Suppose c = -2*c + 6. Let u be (-3)/c - (-18)/12. Suppose -12 = -u*h - 2*h. What is the units digit of h?
6
Suppose 4*s - 4*n - 118 = 26, 84 = 2*s + n. Suppose -89 = -c + 2*d - 20, 0 = 3*c - 2*d - 203. Let a = c - s. What is the tens digit of a?
2
Suppose -5229 = -10*w + 101. What is the tens digit of w?
3
Let g(l) = 17*l**2 + 3*l - 4. Let t(q) = 33*q**2 + 5*q - 8. Let r(u) = 5*g(u) - 2*t(u). What is the hundreds digit of r(3)?
1
Suppose -2*o + 0*o = 0. Suppose 3*h + 33 = v, -6 = -2*v - o. What is the tens digit of (-8)/h - (-798)/15?
5
Let p(k) = -k**3 - 10*k**2 - 2*k - 15. Let w be (21 - 5)*-1 - -5. What is the units digit of p(w)?
8
Suppose 5*q - q - 5*o = 33, 2*q = 4*o + 24. Suppose 0 = 4*t - t + 4*r - 46, 5*t + q*r = 72. What is the units digit of t?
4
Let c(g) = -2*g + 43. What is the units digit of c(19)?
5
Let w = 17 - 17. Let n = 43 - w. What is the units digit of n?
3
Suppose -2*f + 564 = 3*c, 3*f = c + 2*f - 188. Let h = c - 82. Let n = -43 + h. What is the units digit of n?
3
Let p = 302 + 13. Suppose -3*y - p = -3*o, -2*y + 5*y = 4*o - 419. What is the units digit of o?
4
Let d(t) = -77*t**2 - 2*t - 5. Let o(x) = -232*x**2 - 7*x - 15. Let r(q) = 8*d(q) - 3*o(q). What is the units digit of r(-1)?
0
Let h = -80 - -719. What is the hundreds digit of h?
6
What is the hundreds digit of 376 + (-6)/2 + 1?
3
Let v = 514 - 198. What is the tens digit of v?
1
Suppose f - 3*f + 12 = 0. Let a(c) = 14*c - 8. Let s be a(10). Suppose 2*o = f*o - s. What is the tens digit of o?
3
Let d be (-16)/6*(11 + -8). Let x = 6 - d. Suppose 2*u + 3*o = 56, -5*o - x = -u - 3*o. What is the tens digit of u?
2
Let b(v) = 2*v**3 - 77*v**2 - 12*v + 9. What is the units digit of b(39)?
2
Let p be (-45 + 0/2)*-1. Let i = p + 17. What is the tens digit of i?
6
Let z(l) = l**3 + 4*l**2 + 7*l + 8. Let a be z(-4). Let y = 39 + a. What is the tens digit of y?
1
What is the tens digit of 405 + 1 + 3 + 3?
1
Let y(u) = 2*u**2 - 34*u - 202. What is the hundreds digit of y(-16)?
8
Suppose -33*z + 2699 + 26671 = 0. What is the units digit of z?
0
Suppose -4*o - 2*y = -162, -5*o - y + 14 = -187. Suppose 12 = s - o. Suppose 2*w - 3*n = 25, -s = -5*w - n - 2*n. What is the tens digit of w?
1
Let c be (-78)/2*(-2)/6. Let w = 17 - c. Let z = 13 + w. What is the units digit of z?
7
Let r(j) = 4*j + 3*j - j**2 - 15 - 3*j + 7*j. Let z = 8 + -1. What is the tens digit of r(z)?
1
Suppose 0 = d + d + 190. Let i = 166 + d. What is the units digit of i?
1
Suppose -89*i - 789 = -92*i. What is the hundreds digit of i?
2
Suppose -9*n = -11*n - 276. Let h = -95 - n. What is the tens digit of h?
4
Suppose -3*r + 2*r + 72 = 0. Let u = r - 112. What is the units digit of (30/u)/((-2)/176)?
6
Let g(r) = -r + 3. Let s be g(12). Let l(d) = 14*d**2 - 2*d**2 - 10*d**2 + 7 + 11*d. What is the tens digit of l(s)?
7
Suppose 9 = -3*p + 4*p. Suppose 5*o - 2*a - 5 = p, -2*o = -3*a + 1. Let j(l) = l**3 - 4*l**2 + 3*l + 3. What is the units digit of j(o)?
5
Let n(z) = -z - 9. Let r be n(-12). Suppose -g + 230 = k, -2*g - 1 = r. What is the units digit of k?
2
Suppose 0 = -d + 1 - 0. Let b(x) = 65*x**2 + x. What is the units digit of b(d)?
6
Let x(f) = -f + 31. What is the units digit of x(-4)?
5
Let p(d) = d**3 + 6*d**2 - 2*d - 9. Let z be p(-6). Suppose 2*s = -4*m + 112, -z*s - 5*m + 204 = 35. What is the units digit of s?
8
What is the tens digit of 2516/18 + 92/414?
4
Let z = -567 - -187. What is the units digit of 1/(-2)*z/(10/2)?
8
What is the units digit of 84/147 - 9400/(-14)?
2
Let v = -39 - -32. Let j(c) = c**3 + 7*c**2 - 2. Let o be j(v). What is the units digit of (o + (-12)/(-8))*-148?
4
Let f = 183 + -83. What is the units digit of f/6 - (-8)/(-12)?
6
Let c(t) = -t - 4. Let o be c(-8). What is the units digit of 26 - (3 - o/2)?
5
Suppose -13667 = -3*i + 5*l, -i = -22*l + 17*l - 4549. What is the tens digit of i?
5
Let k(y) be the second derivative of y**5/60 - y**4/12 + y**3/6 - 3*y**2 - y. Let c(w) be the first derivative of k(w). What is the units digit of c(3)?
4
Suppose 7002 = 21*l - 3*l. What is the units digit of l?
9
Let v(h) = -2*h**3 - 20*h**2 - 11*h - 38. What is the units digit of v(-13)?
9
Suppose 3 - 25 = 2*m. What is the tens digit of m/(-55) + (-238)/(-10)?
2
What is the units digit of 1898 - 18 - (8 - -2)?
0
What is the tens digit of ((-5619)/21 - -1)/(45/(-210))?
4
Let z = 18 - -128. Suppose -5*p + z = -d, -5*d = -3*p + p + 40. What is the tens digit of p?
3
Let q(l) = 12*l**3 - 3*l**3 + 6*l - 7 - 6*l**2 - 6*l**3 - 2*l**3. What is the units digit of q(7)?
4
Let s(i) = -i**3 + 2*i**2 + 3*i - 14. What is the units digit of s(-7)?
6
Let r be 0/((-7)/((-28)/(-12))). Suppose 4*g + j + 5 - 21 = 0, 5*g + 3*j - 13 = r. What is the units digit of g?
5
Suppose 152 = 4*z - 528. Suppose 47*s + z = 52*s. What is the units digit of s?
4
Let h(q) = q**3 + 12*q**2 + 2*q + 25. Let f be h(-12). What is the tens digit of -5 + (186 - (1 + f))?
7
Let a(o) = o - 1. Let z be a(1). Let n be -1 + 4/(-2 - -4). What is the units digit of z/(-2) - (n - 36)?
5
Let l = -16 - -27. Suppose 5*u + 10 = 180. Suppose p + l = u. What is the units digit of p?
3
Let t(s) = 2*s**2 + 3*s + 1. Suppose 12 = 4*b - g - g, b - 5*g = -6. What is the units digit of t(b)?
5
Let x be 3 + (1 + 2 - 1). Let n = 14 - x. Suppose 3*y = 21 + n. What is the units digit of y?
0
Let q(a) = -263*a - 155. What is the units digit of q(-7)?
6
Let x(c) = c**3 - 3*c**2 + 2*c - 2. Suppose 0 = -4*z + 3*p + 8 + 19, 0 = -z - 3*p - 12. Let v be x(z). Let s(n) = 5*n - 10. What is the tens digit of s(v)?
1
Let d(m) = 35*m - 4. Let k be d(7). Let s = k + -146. What is the tens digit of s?
9
Let i = -76 - -86. Suppose -3*b = 0, -5*u - b - 320 = -i*u. What is the tens digit of u?
6
Suppose 0*k + 2*h + 18 = 5*k, 0 = 5*k - 3*h - 17. Let g = k + -21. Let l = -1 - g. What is the units digit of l?
6
Let j(m) = m**2 + 3*m - 5. Suppose -2*v - 20 = -k, -16 = -3*v - 4*k - 46. Let g be j(v). What is the units digit of (-30)/(-25)*g/2?
9
Let a = 1207 - 934. What is the units digit of a?
3
Let m be (28 + 1)/(2/(-4)). Let u = m + 114. What is the tens digit of u?
5
Suppose 13540 = -2*v + 22*v. What is the units digit of v?
7
Let n(t) = -98*t**3 - t - 2. Suppose 2*i + 3 - 1 = 0. What is the tens digit of n(i)?
9
Let q be (-2 + 0)/(2/(-1)). Suppose -q = 5*t - 16. What is the tens digit of t + (-1 - 3) - -15?
1
Let q be (28*1)/4 + 0. Let s be 2/q + (-516)/42. What is the tens digit of (-194)/s + 2/(-12)?
1
Let q be (2/(3 + -5))/(-1). What is the units digit of (154/55)/(q/5)?
4
Suppose 2*j + s = 509, 3*j = 2*j - 5*s + 241. What is the units digit of j?
6
Let p be 3 + 6*32 + -3. Suppose 0 = f + 3*f - p. What is the tens digit of f?
4
Let h be ((-10)/5)/2 + -169. What is the tens digit of ((-24)/(-20))/(((-6)/h)/3)?
0
Let t be 0/1 - (-8)/(1 - -1). Let j(q) = 9*q**2 - 3. What is the tens digit of j(t)?
4
Let a(i) = 73*i**2 + 6*i + 7. What is the hundreds digit of a(-2)?
2
Suppose t = -2*f - 2, -2*t = -t + 4*f + 8. Suppose 3*k + 7 = t*k. What is the units digit of ((-10)/k)/((-1)/14)?
0
Suppose 117*h - 118*h + 2403 = 0. What is the tens digit of h?
0
Let d(p) = -3*p - 7. Let f be d(-4). What is the units digit of 6/10 + 2/f + 41?
2
Suppose q + q - 552 = 0. Suppose 0 = -4*g - 0*g + q. What is the units digit of g?
9
Suppose -3*f = -l + 21 - 4, -4*l + 3 = f. Suppose 3*p = l*p + 2. What is the units digit of p?
2
Let b(s) = -35*s**2 - 16*s + 13. Let c(h) = -12*h**2 - 5*h + 4. Let a(n) = 2*b(n) - 7*c(n). What is the tens digit of a(2)?
6
Let d = -155 + 246. Let i = -69 + d. What is the units digit of i?
2
Suppose h + 0 + 6 = 0. What is the tens digit of 4/h - 265/(-15)?
1
Suppose 4277 + 12768 = 5*y. What is the thousands digit of y?
3
Suppose y - 6*y = 160. Let k = -28 - y. Suppose 107 = 5*u - 2*c, -k*c = 2*u - 21 - 17. What is the tens digit of u?
2
What is the thousands digit of (-29)/(-145) - (-5159)/5?
1
Let c = 5 - 3. Let r = 119 + -89. Suppose -g + p = -c*g + 3, 3*g - 4*p = r. What is the units digit of g?
6
Let s(h) = -4381*h**3 + 6*h**2 - 5*h - 6. What is the tens digit of s(-1)?
8
Let m(h) = 5*h**2 + 3*h + 2. Let o 